) = 263*y - 410. What is g(-6)?
-1988
Let i(w) = -17125*w**2 + 462378*w - 19. What is i(27)?
62
Let v(c) = -c**3 - 153*c**2 - 445*c + 674. Determine v(-150).
-76
Let b(l) = 5700*l - 1196935. Determine b(210).
65
Let b(k) = k**3 + 25*k**2 + 98*k + 2187. Determine b(-25).
-263
Let p(v) = 85*v**2 - 2764*v - 1366. Give p(33).
-13
Let m(n) = -1193*n - 137172. Determine m(-115).
23
Let s(k) = -1028981*k + 20579627. Give s(20).
7
Let y(r) = r**3 - 24*r**2 + 82*r + 11. What is y(7)?
-248
Let u(h) = -463*h + 66672. Calculate u(143).
463
Let r(b) = 1745*b - 355980. Determine r(204).
0
Let d(m) = 55*m**2 + 188*m - 4000. What is d(7)?
11
Let g(h) = h**3 - 494*h**2 + 1099*h - 56587. What is g(492)?
-7
Let s(q) = -11461*q + 424432. What is s(37)?
375
Let j(h) = 523*h + 6873. Determine j(-13).
74
Let r(a) = 3904*a + 780846. What is r(-200)?
46
Let c(r) = 3*r**2 - 360*r - 40688. Determine c(191).
-5
Let z(p) = 32910*p - 427825. What is z(13)?
5
Let r(o) = 11092*o + 1164658. Give r(-105).
-2
Let m(c) = c**2 - 75*c + 1218. Calculate m(51).
-6
Let f(a) = a**2 + 133*a + 5174. Give f(-88).
1214
Let q(u) = -4*u**2 - 17634*u - 158376. Give q(-9).
6
Let b(z) = -511*z + 2933. Calculate b(6).
-133
Let v(x) = 3*x**3 + 96*x**2 - 80*x - 2300. Calculate v(-32).
260
Let m(k) = -2*k**3 + 61*k**2 - 486*k + 349. Give m(20).
-971
Let d(u) = -2618*u - 75975. Determine d(-29).
-53
Let a(m) = 723*m + 59222. Determine a(-72).
7166
Let l(p) = 87*p + 16456. Give l(-180).
796
Let b(q) = 5892*q - 41656. What is b(7)?
-412
Let m(i) = 9059*i - 27083. Give m(3).
94
Let i(n) = n**2 + 121429*n - 850058. Calculate i(7).
-6
Let z(r) = -2116*r - 8880. Calculate z(-5).
1700
Let u(h) = -42*h**2 + 469*h + 56. What is u(8)?
1120
Let d(r) = 2*r**2 - 68*r - 3379. Determine d(-23).
-757
Let k(o) = o**3 + 76*o**2 + 152*o + 304. What is k(-74)?
8
Let o(p) = p**3 + 84*p**2 + 640*p - 2646. What is o(-75)?
-21
Let o(w) = 2*w**3 - 50*w**2 + 65*w - 4219. Give o(27).
452
Let x(m) = -8*m**3 - 51*m**2 - 233*m + 17. Determine x(-7).
1893
Let z(q) = -q**3 - 264*q**2 - 1799*q - 16. Calculate z(-257).
-16
Let a(g) = 8*g**2 + 1163*g + 874. What is a(-145)?
439
Let u(j) = -33804*j - 845102. What is u(-25)?
-2
Let o(v) = v**2 - 355*v - 18899. Give o(-47).
-5
Let o(g) = 6326*g - 227718. Determine o(36).
18
Let f(o) = -5612*o - 72953. Calculate f(-13).
3
Let p(a) = 1030*a**2 + 3105*a + 9. What is p(-3)?
-36
Let u(b) = -121*b**2 + 2181*b + 100. What is u(18)?
154
Let p(i) = 60*i - 5479. What is p(83)?
-499
Let o(w) = 1226*w - 3685. What is o(3)?
-7
Let n(b) = -b**3 + 533*b**2 - 44944*b + 576. Determine n(105).
156
Let h(q) = -332253*q + 18606158. What is h(56)?
-10
Let s(u) = -6*u**2 - 77*u + 45528. Determine s(81).
-75
Let c(w) = 4*w**2 - 15*w - 20222. Calculate c(73).
-1
Let c(w) = 11*w**2 - 3*w - 228. Calculate c(-7).
332
Let h(z) = 75402*z + 829402. Determine h(-11).
-20
Let m(r) = -18299*r - 54901. Give m(-3).
-4
Let w(q) = -5590*q + 111792. What is w(20)?
-8
Let v(r) = -30*r**2 + 1464*r - 5148. What is v(45)?
-18
Let d(v) = -v**2 + 961*v - 167004. What is d(228)?
120
Let a(z) = 4*z**3 + 1828*z**2 + 29926*z + 2650. Determine a(-440).
10
Let d(g) = -22*g**3 - 526*g**2 + 29*g - 446. What is d(-24)?
10
Let c(b) = 3*b**2 + 9994*b + 49939. Determine c(-5).
44
Let x(q) = -27*q**3 + 95*q**2 - 31*q + 23. What is x(4)?
-309
Let d(f) = -f**3 + 163*f**2 + 11775*f - 12360. What is d(217)?
9
Let b(l) = 12*l**2 + 768*l + 9952. Give b(-46).
16
Let g(d) = 95055*d - 285193. Calculate g(3).
-28
Let j(n) = 4146*n + 244667. Determine j(-59).
53
Let z(y) = 14*y**2 + 475*y + 1292. Determine z(-32).
428
Let m(g) = -2344*g - 31477. Give m(-13).
-1005
Let y(t) = t**3 + 106*t**2 - 196*t + 2167. Calculate y(-108).
7
Let j(x) = x**2 - 65*x - 6686. Determine j(-56).
90
Let o(z) = 5*z**2 + 95*z - 446. What is o(4)?
14
Let p(z) = -45*z**2 - 2898*z - 1316. Determine p(-64).
-164
Let o(z) = -284634*z - 569278. Determine o(-2).
-10
Let b(d) = d**3 - 543*d**2 - 2309*d + 66175. Determine b(547).
-12
Let t(l) = 2560*l - 826877. What is t(323)?
3
Let a(y) = 12*y**2 - 4107*y - 32546. Determine a(350).
4
Let s(r) = -7*r**2 - 294*r + 653. Calculate s(3).
-292
Let k(z) = z**3 - 76*z**2 + 1247*z + 3720. Give k(49).
-4
Let v(o) = 5*o**2 - 196*o + 1503. Give v(15).
-312
Let h(q) = 4*q**3 - 8*q**2 - 58*q - 50. Give h(-7).
-1408
Let d(s) = 6660*s**2 + 86582*s + 19. Calculate d(-13).
-7
Let p(m) = 4*m**2 - 590*m - 145921. Give p(-131).
13
Let s(k) = 20102*k + 140689. Determine s(-7).
-25
Let b(u) = -811895*u - 8118931. What is b(-10)?
19
Let q(z) = 225*z**2 + 977*z + 380. Give q(-4).
72
Let y(v) = 199*v**2 - 114061*v + 19473. Determine y(573).
-9
Let d(p) = -9*p**2 + 83*p + 1242. Give d(-8).
2
Let z(p) = p**3 + 33*p**2 - 168*p - 75. Determine z(-38).
-911
Let x(u) = -3*u**3 - 13*u**2 + 2*u + 254. Determine x(6).
-850
Let b(q) = -7*q**2 + 138*q + 24. Give b(8).
680
Let n(q) = -198*q - 344. Calculate n(-2).
52
Let j(r) = -969*r - 6808. Determine j(-7).
-25
Let t(a) = 1574*a + 7119. Give t(-4).
823
Let n(x) = -3*x**3 + 419*x**2 - 6567*x - 13. Give n(18).
41
Let q(w) = w**3 - 126*w**2 + 22*w - 3377. Give q(126).
-605
Let y(m) = -7*m**2 + 9606*m + 48088. What is y(-5)?
-117
Let y(u) = -5440*u + 97927. Give y(18).
7
Let u(d) = -d**3 + 29*d**2 + 2720*d + 2767. Calculate u(69).
7
Let f(c) = -7*c**2 - 292*c + 53. Calculate f(-41).
258
Let w(m) = 5*m**2 - 1567*m - 240922. Give w(-113).
-6
Let p(u) = -9*u**2 + 338*u + 8301. Determine p(-17).
-46
Let w(c) = 17*c**3 - 3*c**2 + 201*c + 399. Give w(-2).
-151
Let c(t) = t**3 - 192*t**2 + 942*t - 35746. Determine c(188).
-26
Let t(s) = 18341*s + 109464. What is t(-6)?
-582
Let j(b) = -b**3 - 152*b**2 + 1890353*b - 4. Determine j(1301).
-4
Let n(x) = -2*x**2 + 1945*x - 246076. What is n(823)?
1
Let q(x) = -x**3 + 16*x**2 + 3532*x - 49832. Calculate q(14).
8
Let n(c) = 6*c**3 + 86*c**2 + 253*c + 568. Give n(-11).
205
Let f(l) = -2*l**3 - 692*l**2 - 22*l - 7642. Give f(-346).
-30
Let z(h) = 914385*h - 13715783. Determine z(15).
-8
Let t(i) = 615*i**2 + 2612*i + 628. What is t(-4)?
20
Let f(s) = 638*s - 64. Determine f(-4).
-2616
Let l(f) = -243*f - 3137. Calculate l(-14).
265
Let t(q) = q**3 + 127*q**2 + 2078*q - 2978. What is t(-21)?
130
Let m(r) = r**3 + 281*r**2 + 275*r - 1387. Give m(-280).
13
Let n(w) = -w**2 - 999*w - 13798. Calculate n(-14).
-8
Let c(p) = -6*p**3 - 235*p**2 + 196*p + 79. What is c(-40)?
239
Let w(t) = -t**3 - 34*t**2 + 8253*t + 294536. Calculate w(-36).
20
Let z(v) = 70788*v + 425500. Calculate z(-6).
772
Let l(p) = p**2 - 130*p - 3182. Determine l(151).
-11
Let y(w) = 282*w**2 + 8036*w + 3919. Calculate y(-28).
-1
Let f(c) = 2*c**3 + 286*c**2 + 48*c + 6327. What is f(-143)?
-537
Let f(w) = -w**2 - 11887*w + 873087. What is f(73)?
7
Let k(v) = 39696*v - 159599. What is k(4)?
-815
Let i(x) = 4*x**3 - 1438*x**2 + 721*x - 1083. Calculate i(359).
-6
Let g(u) = -6043*u - 24202. Give g(-4).
-30
Let d(c) = 713*c + 12827. Determine d(-18).
-7
Let s(w) = -52*w + 1965. Determine s(37).
41
Let v(b) = -114995*b - 459972. What is v(-4)?
8
Let u(o) = -o**3 - 92*o**2 - 1462*o - 9642. Determine u(-74).
-22
Let i(x) = -x**3 + 10*x**2 + 581*x - 4282. Calculate i(26).
8
Let d(l) = l**2 + 108*l + 2636. Determine d(-80).
396
Let z(k) = -1205*k + 21534. What is z(18)?
-156
Let k(m) = -46*m**2 + 27576*m + 323841. Determine k(611).
11
Let b(p) = p**2 + 64*p - 34489. Determine b(154).
-917
Let j(h) = -4*h**3 - 10116*h**2 + 60798*h - 106467. Give j(-2535).
3
Let w(p) = 2*p**2 - 243*p - 944. What is w(133)?
2115
Let q(v) = v**3 + 97*v**2 + 225*v + 27. What is q(-95)?
-3298
Let w(x) = 2*x**3 + 19*x**2 - 262*x - 2534. What is w(-10)?
-14
Let b(j) = -31313*j + 1659548. Determine b(53).
-41
Let t(p) = 115*p**2 + 109598*p + 3245. Determine t(-953).
386
Let s(p) = -15363*p - 460968. Determine s(-30).
-78
Let l(t) = 59902*t + 239582. What is l(-4)?
-26
Let m(o) = -5*o**3 - 11*o**2 - 142*o + 293. Give m(2).
-75
Let x(o) = 2822*o + 10534. Give x(-4).
-754
Let o(k) = -970*k + 3819. What is o(4)?
-61
Let u(g) = 1721*g**2 + 39588*g + 40. Calculate u(-23).
-75
Let g(p) = 2*p**3 - 53*p**2 - 210*p - 138. What is g(31)?
2001
Let c(j) = j**2 - 3588*j - 68575. What is c(-19)?
-42
Let v(k) = 22*k**2 - 2421*k + 65202. Determine v(47).
13
Let i(k) = 